{"id":1805,"date":"2020-02-10T10:30:38","date_gmt":"2020-02-10T07:30:38","guid":{"rendered":"http:\/\/hairme.pl\/sklep\/?post_type=product&#038;p=1805"},"modified":"2020-10-30T10:54:12","modified_gmt":"2020-10-30T07:54:12","slug":"grzebien-optymalizujacy-toppik","status":"publish","type":"product","link":"https:\/\/hairme.pl\/sklep\/product\/grzebien-optymalizujacy-toppik\/","title":{"rendered":"Grzebie\u0144 optymalizuj\u0105cy Toppik"},"content":{"rendered":"<p>Grzebie\u0144 optymalizuj\u0105cy to <strong>wygodne narz\u0119dzie<\/strong> dla ka\u017cdego, kto stosuje w\u0142\u00f3kna Toppik. U\u0142atwia <strong>utrzymanie naturalnej linii w\u0142os\u00f3w<\/strong> i zapobiega nienaturalnemu wygl\u0105dowi fryzury <strong>po na\u0142o\u017ceniu w\u0142\u00f3kien<\/strong>. Przeciwdzia\u0142a r\u00f3wnie\u017c opadaniu tych ostatnich na czo\u0142o.<br \/>\nGrzebie\u0144 pomaga w aplikacji w\u0142\u00f3kien na w\u0142osy, aby te ponownie wygl\u0105da\u0142y na g\u0119ste i naturalne.<\/p>\n<p>Je\u017celi chcesz uzyska\u0107 jeszcze bardziej zadowalaj\u0105ce efekty, zaleca si\u0119 zastosowanie dedykowanego aplikatora Toppik.<\/p>\n","protected":false},"excerpt":{"rendered":"<p>Grzebie\u0144 optymalizuj\u0105cy marki Toppik. Jest wykonany z wytrzyma\u0142ego tworzywa i u\u0142atwia utrzymanie naturalnej linii w\u0142os\u00f3w podczas nak\u0142adania w\u0142\u00f3kien.<\/p>\n","protected":false},"featured_media":2072,"comment_status":"open","ping_status":"closed","template":"","meta":{"_seopress_robots_primary_cat":"","_seopress_titles_title":"","_seopress_titles_desc":"","_seopress_robots_index":"","om_disable_all_campaigns":false,"_monsterinsights_skip_tracking":false,"_monsterinsights_sitenote_active":false,"_monsterinsights_sitenote_note":"","_monsterinsights_sitenote_category":0},"product_brand":[],"product_cat":[123,125],"product_tag":[132,134,133,130],"class_list":{"0":"post-1805","1":"product","2":"type-product","3":"status-publish","4":"has-post-thumbnail","6":"product_cat-wlokna-keratynowe","7":"product_cat-wlokna-keratynowe-toppik","8":"product_tag-grzebien","9":"product_tag-grzebien-do-wlokien-keratynowych","10":"product_tag-grzebien-toppik","11":"product_tag-zageszczanie-wlosow","13":"first","14":"instock","15":"shipping-taxable","16":"purchasable","17":"product-type-simple"},"jetpack_sharing_enabled":true,"_links":{"self":[{"href":"https:\/\/hairme.pl\/sklep\/wp-json\/wp\/v2\/product\/1805","targetHints":{"allow":["GET"]}}],"collection":[{"href":"https:\/\/hairme.pl\/sklep\/wp-json\/wp\/v2\/product"}],"about":[{"href":"https:\/\/hairme.pl\/sklep\/wp-json\/wp\/v2\/types\/product"}],"replies":[{"embeddable":true,"href":"https:\/\/hairme.pl\/sklep\/wp-json\/wp\/v2\/comments?post=1805"}],"wp:featuredmedia":[{"embeddable":true,"href":"https:\/\/hairme.pl\/sklep\/wp-json\/wp\/v2\/media\/2072"}],"wp:attachment":[{"href":"https:\/\/hairme.pl\/sklep\/wp-json\/wp\/v2\/media?parent=1805"}],"wp:term":[{"taxonomy":"product_brand","embeddable":true,"href":"https:\/\/hairme.pl\/sklep\/wp-json\/wp\/v2\/product_brand?post=1805"},{"taxonomy":"product_cat","embeddable":true,"href":"https:\/\/hairme.pl\/sklep\/wp-json\/wp\/v2\/product_cat?post=1805"},{"taxonomy":"product_tag","embeddable":true,"href":"https:\/\/hairme.pl\/sklep\/wp-json\/wp\/v2\/product_tag?post=1805"}],"curies":[{"name":"wp","href":"https:\/\/api.w.org\/{rel}","templated":true}]}}