{"id":1811,"date":"2020-02-10T10:30:41","date_gmt":"2020-02-10T07:30:41","guid":{"rendered":"http:\/\/hairme.pl\/sklep\/?post_type=product&#038;p=1811"},"modified":"2025-06-23T17:58:25","modified_gmt":"2025-06-23T14:58:25","slug":"aplikator-toppik","status":"publish","type":"product","link":"https:\/\/hairme.pl\/sklep\/product\/aplikator-toppik\/","title":{"rendered":"Aplikator Toppik"},"content":{"rendered":"<p>U\u017cywanie aplikatora Toppik znacz\u0105co <strong>u\u0142atwi stosowanie w\u0142\u00f3kien<\/strong> tej marki. Za\u0142o\u017cony na butelk\u0119 standardow\u0105 12g lub ekonomiczn\u0105 27,5g <strong>zwi\u0119kszy precyzj\u0119<\/strong> nak\u0142adania w\u0142\u00f3kien na okre\u015blone obszary g\u0142owy.<\/p>\n<p>Szczeg\u00f3lnie w po\u0142\u0105czeniu z zastosowaniem grzebienia optymalizuj\u0105cego Toppik okolica linii w\u0142os\u00f3w pozostanie naturalna, a w\u0142\u00f3kna na pewno nie b\u0119d\u0105 si\u0119 obsypywa\u0107.<br \/>\nAplikator mo\u017cna wykorzysta\u0107 do nak\u0142adania w\u0142\u00f3kien keratynowych <strong>na poszczeg\u00f3lne obszary<\/strong>, np. aby ukry\u0107 siwizn\u0119 lub miejsca mocowania przed\u0142u\u017ce\u0144.<\/p>\n","protected":false},"excerpt":{"rendered":"<p>Opatentowany aplikator Toppik przymocowywany jest do butelek z w\u0142\u00f3knami tej marki w rozmiarze 12g lub 27,5g. Znacz\u0105co zwi\u0119ksza precyzj\u0119 aplikacji w\u0142\u00f3kien Toppik na w\u0142osy.<\/p>\n","protected":false},"featured_media":2068,"comment_status":"open","ping_status":"closed","template":"","meta":{"_seopress_robots_primary_cat":"none","_seopress_titles_title":"","_seopress_titles_desc":"","_seopress_robots_index":"","om_disable_all_campaigns":false,"_monsterinsights_skip_tracking":false,"_monsterinsights_sitenote_active":false,"_monsterinsights_sitenote_note":"","_monsterinsights_sitenote_category":0},"product_brand":[],"product_cat":[125,123],"product_tag":[135,136],"class_list":{"0":"post-1811","1":"product","2":"type-product","3":"status-publish","4":"has-post-thumbnail","6":"product_cat-wlokna-keratynowe-toppik","7":"product_cat-wlokna-keratynowe","8":"product_tag-aplikator-do-wlokien-keratynowych","9":"product_tag-aplikator-toppik","11":"first","12":"instock","13":"shipping-taxable","14":"purchasable","15":"product-type-simple"},"jetpack_sharing_enabled":true,"_links":{"self":[{"href":"https:\/\/hairme.pl\/sklep\/wp-json\/wp\/v2\/product\/1811","targetHints":{"allow":["GET"]}}],"collection":[{"href":"https:\/\/hairme.pl\/sklep\/wp-json\/wp\/v2\/product"}],"about":[{"href":"https:\/\/hairme.pl\/sklep\/wp-json\/wp\/v2\/types\/product"}],"replies":[{"embeddable":true,"href":"https:\/\/hairme.pl\/sklep\/wp-json\/wp\/v2\/comments?post=1811"}],"wp:featuredmedia":[{"embeddable":true,"href":"https:\/\/hairme.pl\/sklep\/wp-json\/wp\/v2\/media\/2068"}],"wp:attachment":[{"href":"https:\/\/hairme.pl\/sklep\/wp-json\/wp\/v2\/media?parent=1811"}],"wp:term":[{"taxonomy":"product_brand","embeddable":true,"href":"https:\/\/hairme.pl\/sklep\/wp-json\/wp\/v2\/product_brand?post=1811"},{"taxonomy":"product_cat","embeddable":true,"href":"https:\/\/hairme.pl\/sklep\/wp-json\/wp\/v2\/product_cat?post=1811"},{"taxonomy":"product_tag","embeddable":true,"href":"https:\/\/hairme.pl\/sklep\/wp-json\/wp\/v2\/product_tag?post=1811"}],"curies":[{"name":"wp","href":"https:\/\/api.w.org\/{rel}","templated":true}]}}