{"id":1867,"date":"2020-02-10T10:51:32","date_gmt":"2020-02-10T07:51:32","guid":{"rendered":"http:\/\/hairme.pl\/sklep\/?post_type=product&#038;p=1867"},"modified":"2021-04-09T12:00:14","modified_gmt":"2021-04-09T09:00:14","slug":"klips-fryzjerki-rozdzielajacy-spinka-do-wydzielania-pasemek-2-sztuki","status":"publish","type":"product","link":"https:\/\/hairme.pl\/sklep\/product\/klips-fryzjerki-rozdzielajacy-spinka-do-wydzielania-pasemek-2-sztuki\/","title":{"rendered":"Klips fryzjerki rozdzielaj\u0105cy, spinka do wydzielania pasemek 2 sztuki"},"content":{"rendered":"<p>Specjalna spinka dedykowana dla specjalist\u00f3w przed\u0142u\u017cania w\u0142os\u00f3w. Jednocze\u015bnie <strong>rozdziela i chroni<\/strong> przygotowywane do zabiegu kosmyki. Bardzo \u0142atwa w u\u017cyciu, pozwala na <strong>separowanie cienkich pasemek<\/strong>, kt\u00f3re nast\u0119pnie mo\u017cna przed\u0142u\u017ca\u0107. Znacz\u0105co <strong>usprawnia prac\u0119<\/strong>, kt\u00f3r\u0105 mo\u017cna wykona\u0107 szybciej ni\u017c przy wykonywaniu pojedynczych przed\u0142u\u017ce\u0144.<\/p>\n<p>W komplecie 2 spinki o wymiarach ok. 9,5x4cm.<\/p>\n","protected":false},"excerpt":{"rendered":"<p>Dwie spinki z os\u0142onk\u0105 wydzielaj\u0105ce pasma do przed\u0142u\u017cania w\u0142os\u00f3w i chroni\u0105ce sk\u00f3r\u0119 g\u0142owy podczas zabiegu.<\/p>\n","protected":false},"featured_media":3019,"comment_status":"open","ping_status":"closed","template":"","meta":{"_seopress_robots_primary_cat":"","_seopress_titles_title":"","_seopress_titles_desc":"","_seopress_robots_index":"","om_disable_all_campaigns":false,"_monsterinsights_skip_tracking":false,"_monsterinsights_sitenote_active":false,"_monsterinsights_sitenote_note":"","_monsterinsights_sitenote_category":0},"product_brand":[],"product_cat":[109,110,155],"product_tag":[276,279,280,277,278],"class_list":{"0":"post-1867","1":"product","2":"type-product","3":"status-publish","4":"has-post-thumbnail","6":"product_cat-akcesoria","7":"product_cat-akcesoria-mocowanie","8":"product_cat-mocowanie-narzedzia","9":"product_tag-spinka-do-przedluzania-wlosow","10":"product_tag-spinka-do-rozdzielania-pasemek","11":"product_tag-spinka-do-wydzielania-pasemek","12":"product_tag-spinka-ochronna-do-przedluzania-wlosow","13":"product_tag-spinka-z-oslonka","15":"first","16":"instock","17":"shipping-taxable","18":"purchasable","19":"product-type-simple"},"jetpack_sharing_enabled":true,"_links":{"self":[{"href":"https:\/\/hairme.pl\/sklep\/wp-json\/wp\/v2\/product\/1867","targetHints":{"allow":["GET"]}}],"collection":[{"href":"https:\/\/hairme.pl\/sklep\/wp-json\/wp\/v2\/product"}],"about":[{"href":"https:\/\/hairme.pl\/sklep\/wp-json\/wp\/v2\/types\/product"}],"replies":[{"embeddable":true,"href":"https:\/\/hairme.pl\/sklep\/wp-json\/wp\/v2\/comments?post=1867"}],"wp:featuredmedia":[{"embeddable":true,"href":"https:\/\/hairme.pl\/sklep\/wp-json\/wp\/v2\/media\/3019"}],"wp:attachment":[{"href":"https:\/\/hairme.pl\/sklep\/wp-json\/wp\/v2\/media?parent=1867"}],"wp:term":[{"taxonomy":"product_brand","embeddable":true,"href":"https:\/\/hairme.pl\/sklep\/wp-json\/wp\/v2\/product_brand?post=1867"},{"taxonomy":"product_cat","embeddable":true,"href":"https:\/\/hairme.pl\/sklep\/wp-json\/wp\/v2\/product_cat?post=1867"},{"taxonomy":"product_tag","embeddable":true,"href":"https:\/\/hairme.pl\/sklep\/wp-json\/wp\/v2\/product_tag?post=1867"}],"curies":[{"name":"wp","href":"https:\/\/api.w.org\/{rel}","templated":true}]}}