{"id":1877,"date":"2020-02-13T13:09:16","date_gmt":"2020-02-13T10:09:16","guid":{"rendered":"http:\/\/hairme.pl\/sklep\/?post_type=product&#038;p=1877"},"modified":"2021-04-09T11:53:42","modified_gmt":"2021-04-09T08:53:42","slug":"szczypce-giete-do-zaciskania-ringow-do-mocowania-przedluzen-wlosow","status":"publish","type":"product","link":"https:\/\/hairme.pl\/sklep\/product\/szczypce-giete-do-zaciskania-ringow-do-mocowania-przedluzen-wlosow\/","title":{"rendered":"Szczypce gi\u0119te do zaciskania ring\u00f3w, do mocowania przed\u0142u\u017ce\u0144 w\u0142os\u00f3w"},"content":{"rendered":"<p>Szczypce maj\u0105 gumowe <strong>antypo\u015blizgowe r\u0105czki<\/strong>, kt\u00f3re daj\u0105 dobre oparcie d\u0142oni. Ich elastyczno\u015b\u0107 regulowana jest za pomoc\u0105 spr\u0119\u017cyny.<\/p>\n<p>Cz\u0119\u015b\u0107 pracuj\u0105ca jest wygi\u0119ta dla wi\u0119kszej <strong>precyzji dzia\u0142ania<\/strong>, c\u0105\u017cki s\u0105 \u0142atwe w manipulowaniu, a <strong>z\u0119bate ko\u0144c\u00f3wki<\/strong> sprawiaj\u0105, \u017ce chwyt jest bezpieczny i pewny.<\/p>\n<p>D\u0142ugo\u015b\u0107 w linii prostej 13cm.<\/p>\n","protected":false},"excerpt":{"rendered":"<p>Szczypce do przed\u0142u\u017cania w\u0142os\u00f3w z wygi\u0119t\u0105 ko\u0144c\u00f3wk\u0105. C\u0105\u017cki przeznaczone s\u0105 do stosowania z tulejkami\/mikroringami i nanoringami.<\/p>\n","protected":false},"featured_media":1891,"comment_status":"open","ping_status":"closed","template":"","meta":{"_seopress_robots_primary_cat":"","_seopress_titles_title":"","_seopress_titles_desc":"","_seopress_robots_index":"","om_disable_all_campaigns":false,"_monsterinsights_skip_tracking":false,"_monsterinsights_sitenote_active":false,"_monsterinsights_sitenote_note":"","_monsterinsights_sitenote_category":0},"product_brand":[],"product_cat":[109,110,155],"product_tag":[200,203,204,201,202,184,198,185,199,197,183,187],"class_list":{"0":"post-1877","1":"product","2":"type-product","3":"status-publish","4":"has-post-thumbnail","6":"product_cat-akcesoria","7":"product_cat-akcesoria-mocowanie","8":"product_cat-mocowanie-narzedzia","9":"product_tag-cazki-do-mocowania-przedluzen","10":"product_tag-cazki-do-zakladania-mikroringow","11":"product_tag-cazki-do-zakladania-pasemek","12":"product_tag-cazki-do-zakladania-wlosow","13":"product_tag-cazki-fryzjerskie","14":"product_tag-szczypce-do-mocowania-przedluzen","15":"product_tag-szczypce-do-zakladania-mikroringow","16":"product_tag-szczypce-do-zakladania-pasemek","17":"product_tag-szczypce-do-zakladania-tulejek","18":"product_tag-szczypce-do-zakladania-wlosow","19":"product_tag-szczypce-fryzjerskie","20":"product_tag-szczypce-giete-do-przedluzen","22":"first","23":"instock","24":"shipping-taxable","25":"purchasable","26":"product-type-simple"},"jetpack_sharing_enabled":true,"_links":{"self":[{"href":"https:\/\/hairme.pl\/sklep\/wp-json\/wp\/v2\/product\/1877","targetHints":{"allow":["GET"]}}],"collection":[{"href":"https:\/\/hairme.pl\/sklep\/wp-json\/wp\/v2\/product"}],"about":[{"href":"https:\/\/hairme.pl\/sklep\/wp-json\/wp\/v2\/types\/product"}],"replies":[{"embeddable":true,"href":"https:\/\/hairme.pl\/sklep\/wp-json\/wp\/v2\/comments?post=1877"}],"wp:featuredmedia":[{"embeddable":true,"href":"https:\/\/hairme.pl\/sklep\/wp-json\/wp\/v2\/media\/1891"}],"wp:attachment":[{"href":"https:\/\/hairme.pl\/sklep\/wp-json\/wp\/v2\/media?parent=1877"}],"wp:term":[{"taxonomy":"product_brand","embeddable":true,"href":"https:\/\/hairme.pl\/sklep\/wp-json\/wp\/v2\/product_brand?post=1877"},{"taxonomy":"product_cat","embeddable":true,"href":"https:\/\/hairme.pl\/sklep\/wp-json\/wp\/v2\/product_cat?post=1877"},{"taxonomy":"product_tag","embeddable":true,"href":"https:\/\/hairme.pl\/sklep\/wp-json\/wp\/v2\/product_tag?post=1877"}],"curies":[{"name":"wp","href":"https:\/\/api.w.org\/{rel}","templated":true}]}}