{"id":1965,"date":"2020-02-13T15:00:20","date_gmt":"2020-02-13T12:00:20","guid":{"rendered":"http:\/\/hairme.pl\/sklep\/?post_type=product&#038;p=1965"},"modified":"2022-01-10T12:05:44","modified_gmt":"2022-01-10T09:05:44","slug":"klips-fryzjerski-dlugi-waski-gladki-spinka-fryzjerska-czarna","status":"publish","type":"product","link":"https:\/\/hairme.pl\/sklep\/product\/klips-fryzjerski-dlugi-waski-gladki-spinka-fryzjerska-czarna\/","title":{"rendered":"Klips fryzjerski d\u0142ugi w\u0105ski g\u0142adki, spinka fryzjerska czarna"},"content":{"rendered":"<p>D\u0142uga spinka fryzjerska przeznaczona do pracy szczeg\u00f3lnie z d\u0142u\u017cszym w\u0142osem &#8211; <strong>\u0142atwa manipulacja<\/strong> i du\u017ca efektywno\u015b\u0107 pozwala na sprawne podtrzymywanie pasm podczas zabieg\u00f3w fryzjerskich. Klamra <strong>mocno trzyma<\/strong> z\u0142apane kosmyki.<\/p>\n<p>Jest wykonana z wytrzyma\u0142ego tworzywa w kolorze czarnym, a <strong>zanitowana spr\u0119\u017cyna<\/strong> zapewnia wyj\u0105tkow\u0105 trwa\u0142o\u015b\u0107 i wielokrotne u\u017cycie. Spinka nie \u0142amie i nie niszczy w\u0142os\u00f3w.<\/p>\n<p>D\u0142ugo\u015b\u0107 ok. 10cm.<\/p>\n","protected":false},"excerpt":{"rendered":"<p>Klamra fryzjerska do przytrzymywania w\u0142os\u00f3w, szczeg\u00f3lnie tych grubszych i obfitych. Kolor czarny.<\/p>\n","protected":false},"featured_media":1966,"comment_status":"open","ping_status":"closed","template":"","meta":{"_seopress_robots_primary_cat":"","_seopress_titles_title":"","_seopress_titles_desc":"","_seopress_robots_index":"","om_disable_all_campaigns":false,"_monsterinsights_skip_tracking":false,"_monsterinsights_sitenote_active":false,"_monsterinsights_sitenote_note":"","_monsterinsights_sitenote_category":0},"product_brand":[],"product_cat":[109,110,155],"product_tag":[240,252,246,243,241,253,247,244,239,251,245,242],"class_list":{"0":"post-1965","1":"product","2":"type-product","3":"status-publish","4":"has-post-thumbnail","6":"product_cat-akcesoria","7":"product_cat-akcesoria-mocowanie","8":"product_cat-mocowanie-narzedzia","9":"product_tag-klamra-fryzjerska","10":"product_tag-klamra-fryzjerska-czarna","11":"product_tag-klamra-fryzjerska-krokodylek","12":"product_tag-klamra-fryzjerska-plastikowa","13":"product_tag-klips-fryzjerski","14":"product_tag-klips-fryzjerski-czarny","15":"product_tag-klips-fryzjerski-krokodylek","16":"product_tag-klips-fryzjerski-plastikowy","17":"product_tag-spinka-fryzjerska","18":"product_tag-spinka-fryzjerska-czarna","19":"product_tag-spinka-fryzjerska-krokodylek","20":"product_tag-spinka-fryzjerska-plastikowa","22":"first","23":"instock","24":"shipping-taxable","25":"purchasable","26":"product-type-simple"},"jetpack_sharing_enabled":true,"_links":{"self":[{"href":"https:\/\/hairme.pl\/sklep\/wp-json\/wp\/v2\/product\/1965","targetHints":{"allow":["GET"]}}],"collection":[{"href":"https:\/\/hairme.pl\/sklep\/wp-json\/wp\/v2\/product"}],"about":[{"href":"https:\/\/hairme.pl\/sklep\/wp-json\/wp\/v2\/types\/product"}],"replies":[{"embeddable":true,"href":"https:\/\/hairme.pl\/sklep\/wp-json\/wp\/v2\/comments?post=1965"}],"wp:featuredmedia":[{"embeddable":true,"href":"https:\/\/hairme.pl\/sklep\/wp-json\/wp\/v2\/media\/1966"}],"wp:attachment":[{"href":"https:\/\/hairme.pl\/sklep\/wp-json\/wp\/v2\/media?parent=1965"}],"wp:term":[{"taxonomy":"product_brand","embeddable":true,"href":"https:\/\/hairme.pl\/sklep\/wp-json\/wp\/v2\/product_brand?post=1965"},{"taxonomy":"product_cat","embeddable":true,"href":"https:\/\/hairme.pl\/sklep\/wp-json\/wp\/v2\/product_cat?post=1965"},{"taxonomy":"product_tag","embeddable":true,"href":"https:\/\/hairme.pl\/sklep\/wp-json\/wp\/v2\/product_tag?post=1965"}],"curies":[{"name":"wp","href":"https:\/\/api.w.org\/{rel}","templated":true}]}}

Klips fryzjerski długi wąski gładki, spinka fryzjerska czarna

<p>Długa spinka fryzjerska przeznaczona do pracy szczególnie z dłuższym włosem &#8211; <strong>łatwa manipulacja</strong> i duża efektywność pozwala na sprawne podtrzymywanie pasm podczas zabiegów fryzjerskich. Klamra <strong>mocno trzyma</strong> złapane kosmyki.</p>
<p>Jest wykonana z wytrzymałego tworzywa w kolorze czarnym, a <strong>zanitowana sprężyna</strong> zapewnia wyjątkową trwałość i wielokrotne użycie. Spinka nie łamie i nie niszczy włosów.</p>
<p>Długość ok. 10cm.</p>

<p>Klamra fryzjerska do przytrzymywania włosów, szczególnie tych grubszych i obfitych. Kolor czarny.</p>
