{"id":2690,"date":"2020-10-02T09:15:58","date_gmt":"2020-10-02T06:15:58","guid":{"rendered":"http:\/\/hairme.pl\/sklep\/?post_type=product&#038;p=2690"},"modified":"2025-08-04T14:09:42","modified_gmt":"2025-08-04T11:09:42","slug":"tape-me-50cm-100g-kolor-60a","status":"publish","type":"product","link":"https:\/\/hairme.pl\/sklep\/product\/tape-me-50cm-100g-kolor-60a\/","title":{"rendered":"Tape Me 50cm 100g, kolor #60A"},"content":{"rendered":"<p>Naturalne w\u0142osy europejskie premium w kolorze 60A, o d\u0142ugo\u015bci 50cm i wadze 100g. Umo\u017cliwiaj\u0105 <strong>przed\u0142u\u017canie w\u0142os\u00f3w metod\u0105 tape-on<\/strong>, czyli kanapkow\u0105.<br \/>\nMetoda na <strong>tzw.\u00a0kanapki<\/strong> to kilka tygodni noszenia przed\u0142u\u017ce\u0144 przed konieczno\u015bci\u0105 podci\u0105gni\u0119cia ta\u015bm.<br \/>\nTa\u015bmy w pasmach tape-in mo\u017cna z\u00a0czasem wymienia\u0107: to ostatecznie znacz\u0105co podnosi \u017cywotno\u015b\u0107 fryzury, gdy zosta\u0142o wykonane <strong>zag\u0119szczanie w\u0142os\u00f3w metod\u0105 tape-on<\/strong>.<\/p>\n","protected":false},"excerpt":{"rendered":"<p>Pasma w\u0142os\u00f3w naturalnych: przed\u0142u\u017canie tape-on<\/p>\n<p>Typ w\u0142osa: w\u0142os naturalny europejski premium &#8211; z zachowan\u0105 \u0142usk\u0105 w\u0142osa<\/p>\n<p>W opakowaniu znajduje si\u0119 40 pasemek na ta\u015bmach o szeroko\u015bci 4cm (20 kanapek)<\/p>\n<p>D\u0142ugo\u015b\u0107: 50cm<\/p>\n<p>Waga: 100g<\/p>\n<p>Kolor: 60A<\/p>\n","protected":false},"featured_media":2985,"comment_status":"open","ping_status":"closed","template":"","meta":{"_seopress_robots_primary_cat":"none","_seopress_titles_title":"","_seopress_titles_desc":"","_seopress_robots_index":"","om_disable_all_campaigns":false,"_monsterinsights_skip_tracking":false,"_monsterinsights_sitenote_active":false,"_monsterinsights_sitenote_note":"","_monsterinsights_sitenote_category":0},"product_brand":[],"product_cat":[15,89,92],"product_tag":[],"class_list":{"0":"post-2690","1":"product","2":"type-product","3":"status-publish","4":"has-post-thumbnail","6":"product_cat-gotowe-pasma-do-przedluzania","7":"product_cat-tape-in-kanapki","8":"product_cat-tape-in-kanapki-premium","10":"first","11":"instock","12":"shipping-taxable","13":"purchasable","14":"product-type-simple"},"jetpack_sharing_enabled":true,"_links":{"self":[{"href":"https:\/\/hairme.pl\/sklep\/wp-json\/wp\/v2\/product\/2690","targetHints":{"allow":["GET"]}}],"collection":[{"href":"https:\/\/hairme.pl\/sklep\/wp-json\/wp\/v2\/product"}],"about":[{"href":"https:\/\/hairme.pl\/sklep\/wp-json\/wp\/v2\/types\/product"}],"replies":[{"embeddable":true,"href":"https:\/\/hairme.pl\/sklep\/wp-json\/wp\/v2\/comments?post=2690"}],"wp:featuredmedia":[{"embeddable":true,"href":"https:\/\/hairme.pl\/sklep\/wp-json\/wp\/v2\/media\/2985"}],"wp:attachment":[{"href":"https:\/\/hairme.pl\/sklep\/wp-json\/wp\/v2\/media?parent=2690"}],"wp:term":[{"taxonomy":"product_brand","embeddable":true,"href":"https:\/\/hairme.pl\/sklep\/wp-json\/wp\/v2\/product_brand?post=2690"},{"taxonomy":"product_cat","embeddable":true,"href":"https:\/\/hairme.pl\/sklep\/wp-json\/wp\/v2\/product_cat?post=2690"},{"taxonomy":"product_tag","embeddable":true,"href":"https:\/\/hairme.pl\/sklep\/wp-json\/wp\/v2\/product_tag?post=2690"}],"curies":[{"name":"wp","href":"https:\/\/api.w.org\/{rel}","templated":true}]}}