{"id":3091,"date":"2020-11-05T14:34:29","date_gmt":"2020-11-05T11:34:29","guid":{"rendered":"https:\/\/hairme.pl\/sklep\/?post_type=product&#038;p=3091"},"modified":"2021-04-26T14:36:08","modified_gmt":"2021-04-26T11:36:08","slug":"szczotka-do-wlosow-przedluzanych","status":"publish","type":"product","link":"https:\/\/hairme.pl\/sklep\/product\/szczotka-do-wlosow-przedluzanych\/","title":{"rendered":"Szczotka do w\u0142os\u00f3w przed\u0142u\u017canych"},"content":{"rendered":"<p>Szczotka do przed\u0142u\u017ce\u0144 w\u0142os\u00f3w. Mocna drewniana r\u0105czka i naturalne w\u0142osie, kt\u00f3re ka\u017cde pasmo <strong>delikatnie rozczesuje bez wyrywania<\/strong> w\u0142os\u00f3w, jednocze\u015bnie odpowiednio je wyg\u0142adzaj\u0105c.<\/p>\n<p>Cienki lecz zaokr\u0105glony koniec umo\u017cliwia w razie potrzeby rozdzielanie w\u0142os\u00f3w na poszczeg\u00f3lne kosmyki. Szczotka <strong>wspomaga szybk\u0105 i sprawn\u0105 piel\u0119gnacj\u0119<\/strong> przed\u0142u\u017canych w\u0142os\u00f3w, jest przydatna zar\u00f3wno w domowych jak i profesjonalnych warunkach.<\/p>\n<p>D\u0142ugo\u015b\u0107 ponad 24cm, d\u0142ugo\u015b\u0107 w\u0142osia 1cm.<\/p>\n","protected":false},"excerpt":{"rendered":"<p>Podstawowe narz\u0119dzie do rozczesywania przed\u0142u\u017conych w\u0142os\u00f3w.<br \/>W\u0142osie naturalne.<\/p>\n","protected":false},"featured_media":3093,"comment_status":"open","ping_status":"closed","template":"","meta":{"_seopress_robots_primary_cat":"","_seopress_titles_title":"","_seopress_titles_desc":"","_seopress_robots_index":"","om_disable_all_campaigns":false,"_monsterinsights_skip_tracking":false,"_monsterinsights_sitenote_active":false,"_monsterinsights_sitenote_note":"","_monsterinsights_sitenote_category":0},"product_brand":[],"product_cat":[109,379,388,110,155],"product_tag":[128,361,360,362,359,363],"class_list":{"0":"post-3091","1":"product","2":"type-product","3":"status-publish","4":"has-post-thumbnail","6":"product_cat-akcesoria","7":"product_cat-akcesoria-pielegnacja","8":"product_cat-kosmetyki-i-akcesoria","9":"product_cat-akcesoria-mocowanie","10":"product_cat-mocowanie-narzedzia","11":"product_tag-przedluzanie-wlosow","12":"product_tag-szczotka-do-przedluzen","13":"product_tag-szczotka-do-przedluzonych-pasemek","14":"product_tag-szczotka-do-przedluzonych-wlosow","15":"product_tag-szczotka-fryzjerska","16":"product_tag-szczotka-z-naturalnym-wlosiem","18":"first","19":"instock","20":"shipping-taxable","21":"purchasable","22":"product-type-simple"},"jetpack_sharing_enabled":true,"_links":{"self":[{"href":"https:\/\/hairme.pl\/sklep\/wp-json\/wp\/v2\/product\/3091","targetHints":{"allow":["GET"]}}],"collection":[{"href":"https:\/\/hairme.pl\/sklep\/wp-json\/wp\/v2\/product"}],"about":[{"href":"https:\/\/hairme.pl\/sklep\/wp-json\/wp\/v2\/types\/product"}],"replies":[{"embeddable":true,"href":"https:\/\/hairme.pl\/sklep\/wp-json\/wp\/v2\/comments?post=3091"}],"wp:featuredmedia":[{"embeddable":true,"href":"https:\/\/hairme.pl\/sklep\/wp-json\/wp\/v2\/media\/3093"}],"wp:attachment":[{"href":"https:\/\/hairme.pl\/sklep\/wp-json\/wp\/v2\/media?parent=3091"}],"wp:term":[{"taxonomy":"product_brand","embeddable":true,"href":"https:\/\/hairme.pl\/sklep\/wp-json\/wp\/v2\/product_brand?post=3091"},{"taxonomy":"product_cat","embeddable":true,"href":"https:\/\/hairme.pl\/sklep\/wp-json\/wp\/v2\/product_cat?post=3091"},{"taxonomy":"product_tag","embeddable":true,"href":"https:\/\/hairme.pl\/sklep\/wp-json\/wp\/v2\/product_tag?post=3091"}],"curies":[{"name":"wp","href":"https:\/\/api.w.org\/{rel}","templated":true}]}}

Szczotka do włosów przedłużanych

<p>Szczotka do przedłużeń włosów. Mocna drewniana rączka i naturalne włosie, które każde pasmo <strong>delikatnie rozczesuje bez wyrywania</strong> włosów, jednocześnie odpowiednio je wygładzając.</p>
<p>Cienki lecz zaokrąglony koniec umożliwia w razie potrzeby rozdzielanie włosów na poszczególne kosmyki. Szczotka <strong>wspomaga szybką i sprawną pielęgnację</strong> przedłużanych włosów, jest przydatna zarówno w domowych jak i profesjonalnych warunkach.</p>
<p>Długość ponad 24cm, długość włosia 1cm.</p>

<p>Podstawowe narzędzie do rozczesywania przedłużonych włosów.<br />Włosie naturalne.</p>
