{"id":3224,"date":"2021-04-12T12:10:17","date_gmt":"2021-04-12T09:10:17","guid":{"rendered":"https:\/\/hairme.pl\/sklep\/?post_type=product&#038;p=3224"},"modified":"2025-11-17T16:56:33","modified_gmt":"2025-11-17T13:56:33","slug":"lux-clip-me-40cm-125g-kolor-8-10","status":"publish","type":"product","link":"https:\/\/hairme.pl\/sklep\/product\/lux-clip-me-40cm-125g-kolor-8-10\/","title":{"rendered":"Lux Clip Me 40cm 125g, kolor #8\/10"},"content":{"rendered":"<p>Naturalne s\u0142owia\u0144skie w\u0142osy dziewicze w\u00a0kolorze 8\/10, o\u00a0d\u0142ugo\u015bci 40cm i\u00a0wadze 125g. Dzi\u0119ki nim mo\u017cliwe jest <strong>przed\u0142u\u017canie w\u0142os\u00f3w metod\u0105 clip-in<\/strong>, kt\u00f3ra <strong>jest bezinwazyjna i\u00a0nie obci\u0105\u017ca w\u0142os\u00f3w<\/strong>, ponadto nie wymaga zabieg\u00f3w podci\u0105gania lub poprawiania.<\/p>\n<p>Metoda clip-in obejmuje dopinanie pasemek z\u00a0zamocowanymi specjalnymi niewielkimi spineczkami, kt\u00f3rych nie wida\u0107, a\u00a0mog\u0105 by\u0107 zak\u0142adane w\u00a0domowych warunkach. Pe\u0142ne bezpiecze\u0144stwo oraz lepszy wygl\u0105d fryzury to podw\u00f3jny efekt,\u00a0kiedy zosta\u0142o wykonane <strong>zag\u0119szczanie w\u0142os\u00f3w metod\u0105 clip-in<\/strong>.<\/p>\n<p>W\u0142osy Hair Me Lux to najwy\u017csza dost\u0119pna jako\u015b\u0107 pasm gotowych do przed\u0142u\u017cania: s\u0105 naturalne, s\u0142owia\u0144skiego pochodzenia, niemodyfikowane i\u00a0niefarbowane (dziewicze), z\u00a0zachowan\u0105 \u0142usk\u0105.<br \/>\nNa w\u0142osy s\u0142owia\u0144skie Lux udzielamy 6 miesi\u0119cy gwarancji.<\/p>\n","protected":false},"excerpt":{"rendered":"<p>Pasma w\u0142os\u00f3w naturalnych: przed\u0142u\u017canie clip-in<\/p>\n<p>Typ w\u0142osa: dziewiczy w\u0142os naturalny s\u0142owia\u0144ski<\/p>\n<p>D\u0142ugo\u015b\u0107: 40cm<\/p>\n<p>Waga: 125g, 10 pasm na spineczkach (2x 4s, 2x 3s, 2x 2s, 4x 1s)<\/p>\n<p>Kolor: 8\/10<\/p>\n","protected":false},"featured_media":4498,"comment_status":"open","ping_status":"closed","template":"","meta":{"_seopress_robots_primary_cat":"none","_seopress_titles_title":"","_seopress_titles_desc":"","_seopress_robots_index":"","om_disable_all_campaigns":false,"_monsterinsights_skip_tracking":false,"_monsterinsights_sitenote_active":false,"_monsterinsights_sitenote_note":"","_monsterinsights_sitenote_category":0},"product_brand":[],"product_cat":[15,101,102],"product_tag":[],"class_list":{"0":"post-3224","1":"product","2":"type-product","3":"status-publish","4":"has-post-thumbnail","6":"product_cat-gotowe-pasma-do-przedluzania","7":"product_cat-clip-in","8":"product_cat-clip-in-slowianskie-dziewicze","10":"first","11":"outofstock","12":"shipping-taxable","13":"purchasable","14":"product-type-simple"},"jetpack_sharing_enabled":true,"_links":{"self":[{"href":"https:\/\/hairme.pl\/sklep\/wp-json\/wp\/v2\/product\/3224","targetHints":{"allow":["GET"]}}],"collection":[{"href":"https:\/\/hairme.pl\/sklep\/wp-json\/wp\/v2\/product"}],"about":[{"href":"https:\/\/hairme.pl\/sklep\/wp-json\/wp\/v2\/types\/product"}],"replies":[{"embeddable":true,"href":"https:\/\/hairme.pl\/sklep\/wp-json\/wp\/v2\/comments?post=3224"}],"wp:featuredmedia":[{"embeddable":true,"href":"https:\/\/hairme.pl\/sklep\/wp-json\/wp\/v2\/media\/4498"}],"wp:attachment":[{"href":"https:\/\/hairme.pl\/sklep\/wp-json\/wp\/v2\/media?parent=3224"}],"wp:term":[{"taxonomy":"product_brand","embeddable":true,"href":"https:\/\/hairme.pl\/sklep\/wp-json\/wp\/v2\/product_brand?post=3224"},{"taxonomy":"product_cat","embeddable":true,"href":"https:\/\/hairme.pl\/sklep\/wp-json\/wp\/v2\/product_cat?post=3224"},{"taxonomy":"product_tag","embeddable":true,"href":"https:\/\/hairme.pl\/sklep\/wp-json\/wp\/v2\/product_tag?post=3224"}],"curies":[{"name":"wp","href":"https:\/\/api.w.org\/{rel}","templated":true}]}}