{"id":3776,"date":"2021-04-20T13:42:21","date_gmt":"2021-04-20T10:42:21","guid":{"rendered":"https:\/\/hairme.pl\/sklep\/?post_type=product&#038;p=3776"},"modified":"2023-05-10T10:21:53","modified_gmt":"2023-05-10T07:21:53","slug":"hair-me-maska-do-wlosow-naturalnych","status":"publish","type":"product","link":"https:\/\/hairme.pl\/sklep\/product\/hair-me-maska-do-wlosow-naturalnych\/","title":{"rendered":"Hair Me Maska do w\u0142os\u00f3w naturalnych"},"content":{"rendered":"<p>Piel\u0119gnacja przed\u0142u\u017conych w\u0142os\u00f3w b\u0119dzie \u0142atwiejsza i bardziej bezpieczna, kiedy dysponujesz odpowiednimi kosmetykami. HairMe przedstawia specjalnie stworzon\u0105 mask\u0119 do naturalnych w\u0142os\u00f3w, kt\u00f3ra po wcze\u015bniejszym wymyciu g\u0142owy od\u017cywi w\u0142osy wraz z doczepionymi pasemkami, zadzia\u0142a antystatycznie. Maska zawiera ekstrakt z Marakui, kt\u00f3ra to r\u00f3wnowa\u017cy poziom sebum na sk\u00f3rze g\u0142owy, dobrze nab\u0142yszcza i dyscyplinuje w\u0142osy u\u0142atwiaj\u0105c ich suszenie i stylizacj\u0119. Chroni przed szkodliwym dzia\u0142aniem czynnik\u00f3w atmosferycznych. Jest doskona\u0142\u0105 termoochron\u0105 dla twoich w\u0142os\u00f3w. Jej przyjemny zapach umili piel\u0119gnacj\u0119. Polecana jest do stosowania w parze z szamponem z tej samej serii.<\/p>\n<p>Waga netto: 275g<\/p>\n","protected":false},"excerpt":{"rendered":"<p>Maska do naturalnych w\u0142os\u00f3w polecana do piel\u0119gnacji po przed\u0142u\u017caniu w\u0142os\u00f3w.<\/p>\n","protected":false},"featured_media":3775,"comment_status":"open","ping_status":"closed","template":"","meta":{"_seopress_robots_primary_cat":"","_seopress_titles_title":"","_seopress_titles_desc":"","_seopress_robots_index":"","om_disable_all_campaigns":false,"_monsterinsights_skip_tracking":false,"_monsterinsights_sitenote_active":false,"_monsterinsights_sitenote_note":"","_monsterinsights_sitenote_category":0},"product_brand":[],"product_cat":[109,379,388],"product_tag":[],"class_list":{"0":"post-3776","1":"product","2":"type-product","3":"status-publish","4":"has-post-thumbnail","6":"product_cat-akcesoria","7":"product_cat-akcesoria-pielegnacja","8":"product_cat-kosmetyki-i-akcesoria","10":"first","11":"instock","12":"shipping-taxable","13":"purchasable","14":"product-type-simple"},"jetpack_sharing_enabled":true,"_links":{"self":[{"href":"https:\/\/hairme.pl\/sklep\/wp-json\/wp\/v2\/product\/3776","targetHints":{"allow":["GET"]}}],"collection":[{"href":"https:\/\/hairme.pl\/sklep\/wp-json\/wp\/v2\/product"}],"about":[{"href":"https:\/\/hairme.pl\/sklep\/wp-json\/wp\/v2\/types\/product"}],"replies":[{"embeddable":true,"href":"https:\/\/hairme.pl\/sklep\/wp-json\/wp\/v2\/comments?post=3776"}],"wp:featuredmedia":[{"embeddable":true,"href":"https:\/\/hairme.pl\/sklep\/wp-json\/wp\/v2\/media\/3775"}],"wp:attachment":[{"href":"https:\/\/hairme.pl\/sklep\/wp-json\/wp\/v2\/media?parent=3776"}],"wp:term":[{"taxonomy":"product_brand","embeddable":true,"href":"https:\/\/hairme.pl\/sklep\/wp-json\/wp\/v2\/product_brand?post=3776"},{"taxonomy":"product_cat","embeddable":true,"href":"https:\/\/hairme.pl\/sklep\/wp-json\/wp\/v2\/product_cat?post=3776"},{"taxonomy":"product_tag","embeddable":true,"href":"https:\/\/hairme.pl\/sklep\/wp-json\/wp\/v2\/product_tag?post=3776"}],"curies":[{"name":"wp","href":"https:\/\/api.w.org\/{rel}","templated":true}]}}

Hair Me Maska do włosów naturalnych

<p>Pielęgnacja przedłużonych włosów będzie łatwiejsza i bardziej bezpieczna, kiedy dysponujesz odpowiednimi kosmetykami. HairMe przedstawia specjalnie stworzoną maskę do naturalnych włosów, która po wcześniejszym wymyciu głowy odżywi włosy wraz z doczepionymi pasemkami, zadziała antystatycznie. Maska zawiera ekstrakt z Marakui, która to równoważy poziom sebum na skórze głowy, dobrze nabłyszcza i dyscyplinuje włosy ułatwiając ich suszenie i stylizację. Chroni przed szkodliwym działaniem czynników atmosferycznych. Jest doskonałą termoochroną dla twoich włosów. Jej przyjemny zapach umili pielęgnację. Polecana jest do stosowania w parze z szamponem z tej samej serii.</p>
<p>Waga netto: 275g</p>

<p>Maska do naturalnych włosów polecana do pielęgnacji po przedłużaniu włosów.</p>
