{"id":4149,"date":"2021-08-04T09:28:46","date_gmt":"2021-08-04T06:28:46","guid":{"rendered":"https:\/\/hairme.pl\/sklep\/?post_type=product&#038;p=4149"},"modified":"2023-09-16T14:40:47","modified_gmt":"2023-09-16T11:40:47","slug":"bubble-me-kok-na-gumce-kolor-16","status":"publish","type":"product","link":"https:\/\/hairme.pl\/sklep\/product\/bubble-me-kok-na-gumce-kolor-16\/","title":{"rendered":"Bubble Me 11-14cm, kok na gumce, kolor #16"},"content":{"rendered":"<p>Doskona\u0142\u0105 jako\u015b\u0107 tego koczka na gumce z pewno\u015bci\u0105 doceni\u0105 kobiety uwielbiaj\u0105ce noszenie upi\u0119tych w\u0142os\u00f3w i dbaj\u0105ce o doskona\u0142y wygl\u0105d fryzury.<\/p>\n<p>Do jego stworzenia wykorzystano naturalny s\u0142owia\u0144ski w\u0142os dziewiczy, kt\u00f3ry nigdy nie by\u0142 farbowany czy poddany zabiegom chemicznym i ma zachowan\u0105 \u0142usk\u0119 w\u0142osa. Takie kosmyki umieszczono nast\u0119pnie na specjalnej tasiemce spiralnie oplataj\u0105cej elastyczn\u0105 gumk\u0119 &#8211; w efekcie daje to efekt g\u0119stego &#8222;gniazdka&#8221;.<\/p>\n<p>Dzi\u0119ki Bubble Me rezultat w postaci pi\u0119knego, zwichrzonego koczka jest teraz dost\u0119pny nawet dla kobiet z cienkimi i niezbyt g\u0119stymi w\u0142osami.<\/p>\n<p>G\u0142adki i naturalnie l\u015bni\u0105cy, kok jest \u0142atwy do za\u0142o\u017cenia, a w razie potrzeby mo\u017cna go suszy\u0107 i farbowa\u0107.<\/p>\n<p>D\u0142ugo\u015b\u0107 w\u0142os\u00f3w: 11-14cm<\/p>\n<p>Waga: 17g<\/p>\n<p>Kolor: 16<\/p>\n","protected":false},"excerpt":{"rendered":"<p>Koczek dziewiczych w\u0142os\u00f3w s\u0142owia\u0144skich na elastycznej gumce. Zak\u0142ada si\u0119 go w celu uzyskania efektu bujnego upi\u0119tego koka. G\u0142adkie w\u0142osy z zachowan\u0105 \u0142usk\u0105 \u0142adnie l\u015bni\u0105 i pomagaj\u0105 w uzyskaniu dobrze wygl\u0105daj\u0105cej fryzury.<\/p>\n<p>D\u0142ugo\u015b\u0107 w\u0142os\u00f3w: 11-14cm<\/p>\n<p>Waga: 17g<\/p>\n<p>Kolor: 16<\/p>\n","protected":false},"featured_media":5828,"comment_status":"open","ping_status":"closed","template":"","meta":{"_seopress_robots_primary_cat":"none","_seopress_titles_title":"","_seopress_titles_desc":"","_seopress_robots_index":"","om_disable_all_campaigns":false,"_monsterinsights_skip_tracking":false,"_monsterinsights_sitenote_active":false,"_monsterinsights_sitenote_note":"","_monsterinsights_sitenote_category":0},"product_brand":[],"product_cat":[395,397],"product_tag":[],"class_list":{"0":"post-4149","1":"product","2":"type-product","3":"status-publish","4":"has-post-thumbnail","6":"product_cat-treski-slowianskie-dziewicze","7":"product_cat-bubble-me","9":"first","10":"outofstock","11":"shipping-taxable","12":"purchasable","13":"product-type-simple"},"jetpack_sharing_enabled":true,"_links":{"self":[{"href":"https:\/\/hairme.pl\/sklep\/wp-json\/wp\/v2\/product\/4149","targetHints":{"allow":["GET"]}}],"collection":[{"href":"https:\/\/hairme.pl\/sklep\/wp-json\/wp\/v2\/product"}],"about":[{"href":"https:\/\/hairme.pl\/sklep\/wp-json\/wp\/v2\/types\/product"}],"replies":[{"embeddable":true,"href":"https:\/\/hairme.pl\/sklep\/wp-json\/wp\/v2\/comments?post=4149"}],"wp:featuredmedia":[{"embeddable":true,"href":"https:\/\/hairme.pl\/sklep\/wp-json\/wp\/v2\/media\/5828"}],"wp:attachment":[{"href":"https:\/\/hairme.pl\/sklep\/wp-json\/wp\/v2\/media?parent=4149"}],"wp:term":[{"taxonomy":"product_brand","embeddable":true,"href":"https:\/\/hairme.pl\/sklep\/wp-json\/wp\/v2\/product_brand?post=4149"},{"taxonomy":"product_cat","embeddable":true,"href":"https:\/\/hairme.pl\/sklep\/wp-json\/wp\/v2\/product_cat?post=4149"},{"taxonomy":"product_tag","embeddable":true,"href":"https:\/\/hairme.pl\/sklep\/wp-json\/wp\/v2\/product_tag?post=4149"}],"curies":[{"name":"wp","href":"https:\/\/api.w.org\/{rel}","templated":true}]}}