{"id":5547,"date":"2023-05-10T11:08:44","date_gmt":"2023-05-10T08:08:44","guid":{"rendered":"https:\/\/hairme.pl\/sklep\/?post_type=product&#038;p=5547"},"modified":"2023-07-03T15:42:13","modified_gmt":"2023-07-03T12:42:13","slug":"hair-me-olejek-do-wlosow-naturalnych","status":"publish","type":"product","link":"https:\/\/hairme.pl\/sklep\/product\/hair-me-olejek-do-wlosow-naturalnych\/","title":{"rendered":"Hair Me Olejek do w\u0142os\u00f3w naturalnych"},"content":{"rendered":"<p>Piel\u0119gnacja przed\u0142u\u017conych w\u0142os\u00f3w b\u0119dzie \u0142atwiejsza i bezpieczniejsza, kiedy dysponujesz odpowiednimi kosmetykami. Hair Me przedstawia olejek stworzony specjalnie do naturalnych w\u0142os\u00f3w i produkt\u00f3w wykonanych z pasm naturalnych. Opisywany produkt pomo\u017ce w codziennej piel\u0119gnacji w\u0142os\u00f3w oraz przy ich rozczesywaniu.<\/p>\n<p>Produkt zawiera ekstrakty z olej\u00f3w arganowego i jojoba, kt\u00f3re przywracaj\u0105 w\u0142osom naturalny blask. Wspomniane sk\u0142adniki zamykaj\u0105 \u0142uski w\u0142os\u00f3w, dzi\u0119ki czemu pasma staj\u0105 si\u0119 g\u0142adsze i przyjemniejsze w dotyku. Domkni\u0119cie \u0142usek zapobiega puszeniu i elektryzowaniu si\u0119 w\u0142os\u00f3w, a tak\u017ce chroni je przed dzia\u0142aniem wysokiej temperatury podczas modelowania. Poprawia si\u0119 spr\u0119\u017cysto\u015b\u0107 oraz elastyczno\u015b\u0107 pasm, co zwi\u0119ksza ochron\u0119 przed \u0142amaniem i uszkodzeniami ich struktury. W\u0142osy zyskuj\u0105 tak\u017ce zdrowy blask.<\/p>\n<p>Produkt jest przeznaczony do nak\u0142adania na suche lub osuszone r\u0119cznikiem w\u0142osy. Niewielk\u0105 porcj\u0119 olejku nale\u017cy nanie\u015b\u0107 na d\u0142onie i rozetrze\u0107 go, nast\u0119pnie na\u0142o\u017cy\u0107 od po\u0142owy w\u0142os\u00f3w w stron\u0119 ko\u0144c\u00f3wek. Po na\u0142o\u017ceniu olejku trzeba odczeka\u0107 do jego wyschni\u0119cia, po tym czasie mo\u017cna przyst\u0105pi\u0107 do uk\u0142adania fryzury. Nale\u017cy unika\u0107 nak\u0142adania olejku w okolicy nasady w\u0142os\u00f3w.<\/p>\n<p>Jego przyjemny zapach umili piel\u0119gnacj\u0119 w\u0142os\u00f3w. Polecany jest do stosowania w komplecie z szamponem i mask\u0105 z tej samej serii.<\/p>\n<p>Pojemno\u015b\u0107|: 50ml<\/p>\n","protected":false},"excerpt":{"rendered":"<p>Olejek przeznaczony do rozczesywania w\u0142os\u00f3w naturalnych oraz produkt\u00f3w wykonanych z w\u0142os\u00f3w naturalnych.<\/p>\n","protected":false},"featured_media":5551,"comment_status":"open","ping_status":"closed","template":"","meta":{"_seopress_robots_primary_cat":"none","_seopress_titles_title":"","_seopress_titles_desc":"","_seopress_robots_index":"","om_disable_all_campaigns":false,"_monsterinsights_skip_tracking":false,"_monsterinsights_sitenote_active":false,"_monsterinsights_sitenote_note":"","_monsterinsights_sitenote_category":0},"product_brand":[],"product_cat":[109,379,388],"product_tag":[],"class_list":{"0":"post-5547","1":"product","2":"type-product","3":"status-publish","4":"has-post-thumbnail","6":"product_cat-akcesoria","7":"product_cat-akcesoria-pielegnacja","8":"product_cat-kosmetyki-i-akcesoria","10":"first","11":"instock","12":"shipping-taxable","13":"purchasable","14":"product-type-simple"},"jetpack_sharing_enabled":true,"_links":{"self":[{"href":"https:\/\/hairme.pl\/sklep\/wp-json\/wp\/v2\/product\/5547","targetHints":{"allow":["GET"]}}],"collection":[{"href":"https:\/\/hairme.pl\/sklep\/wp-json\/wp\/v2\/product"}],"about":[{"href":"https:\/\/hairme.pl\/sklep\/wp-json\/wp\/v2\/types\/product"}],"replies":[{"embeddable":true,"href":"https:\/\/hairme.pl\/sklep\/wp-json\/wp\/v2\/comments?post=5547"}],"wp:featuredmedia":[{"embeddable":true,"href":"https:\/\/hairme.pl\/sklep\/wp-json\/wp\/v2\/media\/5551"}],"wp:attachment":[{"href":"https:\/\/hairme.pl\/sklep\/wp-json\/wp\/v2\/media?parent=5547"}],"wp:term":[{"taxonomy":"product_brand","embeddable":true,"href":"https:\/\/hairme.pl\/sklep\/wp-json\/wp\/v2\/product_brand?post=5547"},{"taxonomy":"product_cat","embeddable":true,"href":"https:\/\/hairme.pl\/sklep\/wp-json\/wp\/v2\/product_cat?post=5547"},{"taxonomy":"product_tag","embeddable":true,"href":"https:\/\/hairme.pl\/sklep\/wp-json\/wp\/v2\/product_tag?post=5547"}],"curies":[{"name":"wp","href":"https:\/\/api.w.org\/{rel}","templated":true}]}}