{"id":6864,"date":"2025-06-16T09:44:25","date_gmt":"2025-06-16T06:44:25","guid":{"rendered":"https:\/\/hairme.pl\/sklep\/?post_type=product&#038;p=6864"},"modified":"2025-07-04T14:09:21","modified_gmt":"2025-07-04T11:09:21","slug":"follow-me-kolor-22-16","status":"publish","type":"product","link":"https:\/\/hairme.pl\/sklep\/product\/follow-me-kolor-22-16\/","title":{"rendered":"Follow Me, kolor #22\/16"},"content":{"rendered":"<p data-start=\"88\" data-end=\"153\"><strong data-start=\"88\" data-end=\"153\">Treska syntetyczna na klamrze \u2013 odporna na wysok\u0105 temperatur\u0119<\/strong><\/p>\n<p data-start=\"155\" data-end=\"419\">Marzysz o\u00a0 efektownym, d\u0142ugim kucyku bez przed\u0142u\u017cania w\u0142os\u00f3w? Dopinka <strong>Follow Me<\/strong> pozwoli Ci uzyska\u0107 pe\u0142n\u0105, stylow\u0105 fryzur\u0119 w zaledwie kilka chwil. Gotowy kucyk \u0142atwo przypniesz do swoich w\u0142os\u00f3w dzi\u0119ki solidnej i\u00a0wygodnej klamrze, co nie tylko doda obj\u0119to\u015bci fryzurze typu &#8222;ko\u0144ski ogon, ale te\u017c \u015bwietnie utrzyma si\u0119 przez ca\u0142y dzie\u0144.<\/p>\n<p data-start=\"421\" data-end=\"713\">W\u0142osy wykonano z nowoczesnych, odpornych na ciep\u0142o w\u0142\u00f3kien <strong data-start=\"418\" data-end=\"437\">High Heat Fibre<\/strong>, wi\u0119c mo\u017cesz spokojnie u\u017cywa\u0107 prostownicy czy lok\u00f3wki o\u00a0 temperaturze do 130\u00b0C, je\u015bli chcesz nada\u0107 im sw\u00f3j w\u0142asny kszta\u0142t. Na co dzie\u0144 wystarczy tylko delikatnie przeczesa\u0107 palcami \u2013 treska sama si\u0119 uk\u0142ada i\u00a0 wygl\u0105da naturalnie.<\/p>\n<p data-start=\"715\" data-end=\"885\">Odcie\u0144 oferowanej dopinki znajduje si\u0119 w kwadracie z\u00a0 kolorem. Modelka na zdj\u0119ciu ma przypi\u0119t\u0105 tresk\u0119 w kolorze <strong data-start=\"817\" data-end=\"827\">F33\/24.<\/strong><\/p>\n<p>D\u0142ugo\u015b\u0107 w\u0142os\u00f3w: 28-45cm<\/p>\n<p>Ca\u0142kowita d\u0142ugo\u015b\u0107 fryzury: 60cm<\/p>\n","protected":false},"excerpt":{"rendered":"<p>Kucyk z\u00a0w\u0142os\u00f3w syntetycznych o\u00a0podwy\u017cszonej odporno\u015bci na ciep\u0142o.<\/p>\n<p>Dopinka <strong>Follow Me<\/strong> pozwoli Ci uzyska\u0107 pe\u0142n\u0105, stylow\u0105 fryzur\u0119 w\u00a0zaledwie kilka chwil. Gotowy kucyk \u0142atwo przypniesz do swoich w\u0142os\u00f3w dzi\u0119ki solidnej i\u00a0wygodnej klamrze, co nie tylko doda obj\u0119to\u015bci fryzurze typu &#8222;ko\u0144ski ogon, ale te\u017c \u015bwietnie utrzyma si\u0119 przez ca\u0142y dzie\u0144. Wykonana z\u00a0w\u0142\u00f3kien <strong>High Heat Fibre &#8211;<\/strong> w\u0142osy mo\u017cna dowolnie stylizowa\u0107 przy pomocy prostownicy czy lok\u00f3wki o\u00a0temperaturze do 130\u00b0C.<\/p>\n<p>Odcie\u0144 oferowanej dopinki znajduje si\u0119 w kwadracie z kolorem. Modelka na zdj\u0119ciu ma przypi\u0119t\u0105 tresk\u0119 w kolorze <strong data-start=\"817\" data-end=\"827\">F33\/24.<\/strong><\/p>\n<p>D\u0142ugo\u015b\u0107 w\u0142os\u00f3w: 28-45cm<\/p>\n<p>Ca\u0142kowita d\u0142ugo\u015b\u0107 fryzury: 60cm<\/p>\n","protected":false},"featured_media":7159,"comment_status":"open","ping_status":"closed","template":"","meta":{"_seopress_robots_primary_cat":"none","_seopress_titles_title":"Follow Me, treska syntetyczna 60cm, kolor 22\/16 - Hair Me","_seopress_titles_desc":"Kucyk z w\u0142os\u00f3w syntetycznych o podwy\u017cszonej odporno\u015bci na ciep\u0142o. Blond w\u0142osy montowane za pomoc\u0105 modnej klamry. \u0141atwe i wygodne rozwi\u0105zanie.","_seopress_robots_index":"","om_disable_all_campaigns":false,"_monsterinsights_skip_tracking":false,"_monsterinsights_sitenote_active":false,"_monsterinsights_sitenote_note":"","_monsterinsights_sitenote_category":0},"product_brand":[],"product_cat":[413,417],"product_tag":[],"class_list":{"0":"post-6864","1":"product","2":"type-product","3":"status-publish","4":"has-post-thumbnail","6":"product_cat-treski-syntetyczne","7":"product_cat-follow-me","9":"first","10":"instock","11":"shipping-taxable","12":"purchasable","13":"product-type-simple"},"jetpack_sharing_enabled":true,"_links":{"self":[{"href":"https:\/\/hairme.pl\/sklep\/wp-json\/wp\/v2\/product\/6864","targetHints":{"allow":["GET"]}}],"collection":[{"href":"https:\/\/hairme.pl\/sklep\/wp-json\/wp\/v2\/product"}],"about":[{"href":"https:\/\/hairme.pl\/sklep\/wp-json\/wp\/v2\/types\/product"}],"replies":[{"embeddable":true,"href":"https:\/\/hairme.pl\/sklep\/wp-json\/wp\/v2\/comments?post=6864"}],"wp:featuredmedia":[{"embeddable":true,"href":"https:\/\/hairme.pl\/sklep\/wp-json\/wp\/v2\/media\/7159"}],"wp:attachment":[{"href":"https:\/\/hairme.pl\/sklep\/wp-json\/wp\/v2\/media?parent=6864"}],"wp:term":[{"taxonomy":"product_brand","embeddable":true,"href":"https:\/\/hairme.pl\/sklep\/wp-json\/wp\/v2\/product_brand?post=6864"},{"taxonomy":"product_cat","embeddable":true,"href":"https:\/\/hairme.pl\/sklep\/wp-json\/wp\/v2\/product_cat?post=6864"},{"taxonomy":"product_tag","embeddable":true,"href":"https:\/\/hairme.pl\/sklep\/wp-json\/wp\/v2\/product_tag?post=6864"}],"curies":[{"name":"wp","href":"https:\/\/api.w.org\/{rel}","templated":true}]}}