{"id":6931,"date":"2025-06-16T14:57:53","date_gmt":"2025-06-16T11:57:53","guid":{"rendered":"https:\/\/hairme.pl\/sklep\/?post_type=product&#038;p=6931"},"modified":"2025-06-16T15:43:40","modified_gmt":"2025-06-16T12:43:40","slug":"long-me-easy-kolor-14-16","status":"publish","type":"product","link":"https:\/\/hairme.pl\/sklep\/product\/long-me-easy-kolor-14-16\/","title":{"rendered":"Long Me Easy, kolor #14\/16"},"content":{"rendered":"<p>Dopinka <strong>Long Me Easy <\/strong>wykonana z&nbsp;w\u0142os\u00f3w syntetycznych w&nbsp;kolorze jasnego br\u0105zu.<\/p>\n<p>D\u0142ugie pasma w\u0142os\u00f3w syntetycznych umieszczone na tresowanej bazie to odpowied\u017a na naturalnie cienkie i&nbsp;kr\u00f3tkie w\u0142osy. W szybkim czasie uzyskaj efekt pe\u0142nych i&nbsp;d\u0142ugich w\u0142os\u00f3w bez wychodzenia z&nbsp;domu. Dopinka posiada wszyt\u0105 potr\u00f3jn\u0105 wsuwk\u0119 dla Twojej wygody i&nbsp;stabilizacji oraz przyczepion\u0105 na rzep specjaln\u0105 &#8222;owijk\u0119&#8221; dla naturalnego i&nbsp;eleganckiego wyko\u0144czenia fryzury.<\/p>\n<p>Wysokiej jako\u015bci w\u0142osy syntetyczne <strong>High Heat Fibre<\/strong> umo\u017cliwiaj\u0105 stylizacje pasm w domu za pomoc\u0105 prostownicy, czy lok\u00f3wki w temperaturze do 130\u00b0C.<\/p>\n<div id=\"description-long\" class=\"description tinymce_html col-xs-12\">\n<p>D\u0142ugo\u015b\u0107 w\u0142os\u00f3w: ok. 48cm<\/p>\n<\/div>\n<p>&nbsp;<\/p>\n","protected":false},"excerpt":{"rendered":"<p>Dopinka <strong>Long Me Easy <\/strong>wykonana z\u00a0w\u0142os\u00f3w syntetycznych.<\/p>\n<p>D\u0142ugie proste w\u0142osy umieszczone na tresowanej bazie. Wsuwka gwarantuje pewne i&nbsp;stabilne mocowanie, a&nbsp;specjalna &#8222;owijka&#8221; na rzep pozwala estetycznie ukry\u0107 \u0142\u0105czenie, nadaj\u0105c fryzurze elegancki wygl\u0105d.<\/p>\n<p>Wysokiej jako\u015bci w\u0142osy syntetyczne High Heat Fibre umo\u017cliwiaj\u0105 stylizacje w\u0142os\u00f3w w&nbsp;temperaturze do 130\u00b0C.<\/p>\n<div id=\"description-long\" class=\"description tinymce_html col-xs-12\">\n<p>D\u0142ugo\u015b\u0107 w\u0142os\u00f3w: ok. 48cm<\/p>\n<\/div>\n","protected":false},"featured_media":6936,"comment_status":"open","ping_status":"closed","template":"","meta":{"_seopress_robots_primary_cat":"none","_seopress_titles_title":"Long Me Easy, kolor 14\/16 - Hair Me","_seopress_titles_desc":"Prosta dopinka z w\u0142os\u00f3w syntetycznych o podwy\u017cszonej odporno\u015bci na ciep\u0142o.","_seopress_robots_index":"","om_disable_all_campaigns":false,"_monsterinsights_skip_tracking":false,"_monsterinsights_sitenote_active":false,"_monsterinsights_sitenote_note":"","_monsterinsights_sitenote_category":0},"product_brand":[],"product_cat":[413,416],"product_tag":[],"class_list":{"0":"post-6931","1":"product","2":"type-product","3":"status-publish","4":"has-post-thumbnail","6":"product_cat-treski-syntetyczne","7":"product_cat-long-me-easy","9":"first","10":"instock","11":"shipping-taxable","12":"purchasable","13":"product-type-simple"},"jetpack_sharing_enabled":true,"_links":{"self":[{"href":"https:\/\/hairme.pl\/sklep\/wp-json\/wp\/v2\/product\/6931","targetHints":{"allow":["GET"]}}],"collection":[{"href":"https:\/\/hairme.pl\/sklep\/wp-json\/wp\/v2\/product"}],"about":[{"href":"https:\/\/hairme.pl\/sklep\/wp-json\/wp\/v2\/types\/product"}],"replies":[{"embeddable":true,"href":"https:\/\/hairme.pl\/sklep\/wp-json\/wp\/v2\/comments?post=6931"}],"wp:featuredmedia":[{"embeddable":true,"href":"https:\/\/hairme.pl\/sklep\/wp-json\/wp\/v2\/media\/6936"}],"wp:attachment":[{"href":"https:\/\/hairme.pl\/sklep\/wp-json\/wp\/v2\/media?parent=6931"}],"wp:term":[{"taxonomy":"product_brand","embeddable":true,"href":"https:\/\/hairme.pl\/sklep\/wp-json\/wp\/v2\/product_brand?post=6931"},{"taxonomy":"product_cat","embeddable":true,"href":"https:\/\/hairme.pl\/sklep\/wp-json\/wp\/v2\/product_cat?post=6931"},{"taxonomy":"product_tag","embeddable":true,"href":"https:\/\/hairme.pl\/sklep\/wp-json\/wp\/v2\/product_tag?post=6931"}],"curies":[{"name":"wp","href":"https:\/\/api.w.org\/{rel}","templated":true}]}}